+ 9*y - 25 = 4*y, -f + y = -3. Suppose 3*m - 3*g = 159, -4*g = -m + 40 + f. Let j = m + 16. Is 36 a factor of j?
True
Is 25 a factor of 2421 + (-10)/((-10)/(-3)) - -7?
True
Suppose -3*m - 39 - 30 = 0. Let b be m/(-5) + 2/5. Suppose -g + 0*k + 2*k = -11, b*g - 90 = 3*k. Is g a multiple of 6?
False
Let h(b) = -b**2 - 7*b - 7. Let i be h(-5). Suppose i*y - y - 2 = 0. Let l(p) = 27*p - 1. Does 26 divide l(y)?
True
Suppose -53302 = -75*m - 4552. Is m a multiple of 27?
False
Let x be (-7 + 7)/(2/1). Suppose x = -3*c - 0*c - 36. Is 206/10 + c/(-30) a multiple of 14?
False
Is 20 a factor of (1 - -4)/(-20) - 3831/(-12)?
False
Suppose p + 1 = 3*w, -2*p + 4*w - 1 = -3. Let j(n) be the third derivative of -n**6/120 + 7*n**5/60 - n**4/3 + n**3/3 - 3*n**2. Is j(p) a multiple of 6?
True
Suppose 0 = -48*f + 6865 - 433. Does 67 divide f?
True
Let h = 2774 + -1586. Is h a multiple of 11?
True
Let q(s) = -11*s + s**3 + 2 + 3*s**2 + 5*s**2 - 3*s**2. Does 7 divide q(-6)?
False
Suppose 4*v - 7*d + 5 = -4*d, -v + 3*d = 8. Let q be (4/(-12))/(v/(-1233)). Is q/27 - (-2)/(-9) a multiple of 13?
False
Suppose -9 = -l + 5*f, -35 = 5*l - 5*f - 0. Let v = -12 - l. Is 2 a factor of v*((0 - -3) + -6)?
False
Suppose 5*x = 11*x - 1626. Suppose h + x = 2*r + 100, -5*h - 415 = -5*r. Does 16 divide r?
False
Suppose 0 = 4*x - 2*l - 4 - 218, 3*l + 3 = 0. Let o be (-107)/(-4) - 3/(-12). Let q = x - o. Is q a multiple of 10?
False
Let u = 49 - 88. Let v = u - -102. Is 9 a factor of v?
True
Let p = 176 + -200. Let y = -83 + 41. Let j = p - y. Does 7 divide j?
False
Does 47 divide (2 + (-2)/6)/((-9)/(-783))?
False
Let i = 1956 - 1136. Let z = -556 + i. Is 33 a factor of z?
True
Let u(s) be the second derivative of -s**6/360 + 23*s**4/8 - s**3/3 - 2*s. Let t(d) be the second derivative of u(d). Is t(0) a multiple of 20?
False
Let m = 39 + -42. Does 11 divide -74*(-2 + m/(-3))?
False
Suppose -30 = 7*q - 6*q. Let d = 43 + q. Does 11 divide d?
False
Suppose 7*c = 4*c + 12. Suppose -c*p + 6 = 3*t, p + 3 = -0*t - 3*t. Suppose -3*u = -2*f + 117, 4*u - p*u = -3*f + 170. Is 17 a factor of f?
False
Let g = 101 + -84. Suppose -g*m = -2*m - 1305. Does 10 divide m?
False
Let r(b) = -b**2 - 6*b - 6. Let d be r(-6). Let g(a) = -a**3 - 7*a**2 - 8*a - 2. Let y be g(d). Let s(q) = 6*q - 14. Is 12 a factor of s(y)?
False
Suppose 2*h = -k + 2*k + 33, -4*k - 4 = 0. Suppose -4*z = -8*z + 20. Let y = h - z. Does 10 divide y?
False
Suppose -4*t = -3*t - 10. Let l = -6 + t. Suppose -50 - 24 = -l*z + 2*x, -2*z + 31 = -3*x. Is z a multiple of 10?
True
Suppose 2*l = 14*l - 924. Does 3 divide l?
False
Suppose 0 = 3*r + 76*r - 208560. Is 40 a factor of r?
True
Suppose 9*x - 3*x - 84 = 0. Does 7 divide (35/x)/((-2)/(-20))?
False
Let g(c) be the third derivative of 17*c**5/60 - 5*c**3/6 - 25*c**2. Is 8 a factor of g(2)?
False
Suppose 0 = f + f - 4*d - 7052, 0 = -3*f - 4*d + 10628. Is f a multiple of 15?
False
Suppose -4*r + 2*i = -14, r - 5*i + 2*i + 9 = 0. Does 12 divide -165*(-1*1 - (-2)/r)?
False
Suppose -4*k = 4*p - 80, 4*k + 2*p = 94 - 24. Is k/(-30)*(-130 - 2) a multiple of 11?
True
Let g(p) = -54*p - 44. Does 8 divide g(-6)?
True
Let s = -1560 + 2790. Is 40 a factor of s?
False
Let h(j) = 6*j**2 - 11*j - 101. Does 13 divide h(8)?
True
Let g = 4 - 0. Suppose -5*a = -g*a - 12. Is 9 a factor of a?
False
Suppose -172 = -123*z + 37*z. Suppose 0 = 5*o + 5*l - 60, o - 34 = -4*l - 10. Is (o - z) + -4 - -61 a multiple of 21?
True
Let o(r) = -3*r + 84. Does 7 divide o(9)?
False
Let y(n) = -2*n**3 - 7*n**2 - 7*n - 6. Let f be y(-5). Suppose m = -m - f. Let c = 100 + m. Is 16 a factor of c?
True
Let u = 45 - 39. Suppose u*w - 31 = 209. Is w a multiple of 8?
True
Let j(x) = 4*x**2 + 51*x - 390. Is j(25) a multiple of 97?
False
Let y be (-16)/(-3)*(-12)/(-8). Suppose -12 - y = -5*k. Is k a multiple of 3?
False
Suppose -26411 = -29*q + 3894. Is 13 a factor of q?
False
Let r be (-171)/5 + (-2)/(-10). Let j = r + 44. Is 7 a factor of j?
False
Let o(f) be the second derivative of 28*f**3/3 - 3*f**2/2 - 3*f + 8. Does 22 divide o(4)?
False
Suppose v - 5*v = -1108. Let n(f) = -3*f + 26. Let t be n(8). Suppose -t*q + v = 43. Is 25 a factor of q?
False
Let m be 3*3*2/6. Suppose -277 = -4*j + s, 0 = 3*j - 0*j - m*s - 219. Suppose 0*r = 3*o + 3*r - 48, -4*o - 3*r + j = 0. Is 10 a factor of o?
True
Let l = -1100 + 2061. Is 19 a factor of l?
False
Let s(z) = 7*z**2 + 4*z + 2. Let l(b) = 0*b**2 - 2*b**2 + 3*b**2 + 3*b + 2*b - 17. Let r be l(-7). Does 12 divide s(r)?
False
Suppose s + 2*s + 3 = 0, -5*u = -3*s - 778. Is u a multiple of 11?
False
Suppose -2 = -i - 8. Let w be 27*(-28)/i*1. Suppose 2*m - w = -m. Does 10 divide m?
False
Let k(m) = 61*m + 3 + 7 - m**2 - 77*m. Is 13 a factor of k(-11)?
True
Suppose -4*c - 4*c + 96 = 0. Let n(p) = 11*p + 46. Is n(c) a multiple of 19?
False
Let f be 4836/40 + 2/20. Suppose 5*i - f = -o, -2*i - 291 = -3*o + i. Is o a multiple of 26?
False
Let w(o) = 4*o + 166. Is 3 a factor of w(-32)?
False
Let j = 38 - 35. Suppose 0 = 2*u + 3*u + 4*l - 350, -4*l = j*u - 210. Does 21 divide u?
False
Suppose 0 = 4*m - 216 + 32. Is 9 a factor of m?
False
Let y = -26 - -56. Let u = y - -31. Does 16 divide u?
False
Suppose 41*w + 9*w = 20150. Is 14 a factor of w?
False
Let i be (2/(-3))/((-30)/2745). Suppose 0 = -55*j + i*j - 1482. Is j a multiple of 11?
False
Suppose -4*l = -5*q - 37, -3*q - 6 - 6 = l. Does 7 divide (l/6)/(1/118)?
False
Suppose -y = 2*y - 18. Let o(x) = 11 + 6*x**2 - x**3 + 8*x + 7 - 17. Is o(y) a multiple of 11?
False
Suppose 26*o = -5*g + 29*o + 2895, -3*g + 2*o + 1738 = 0. Is g a multiple of 32?
True
Suppose 4*n - 279 + 11 = 0. Let m = n + -16. Is 6 a factor of m?
False
Suppose 3*p + 5*s + 60 = 625, -2*s = -5*p + 890. Does 4 divide p?
True
Let k = 7 + -5. Let f(g) = 8*g**3 - 3*g**2 + 4*g - 2. Let y be f(1). Suppose -k*l = -y*l + 150. Does 30 divide l?
True
Suppose 4*u - 24 = -0*u. Suppose -6*a + 2*a + 456 = 0. Is 15 a factor of (a/(-4))/((-3)/u)?
False
Suppose 0 = 3*r + 3*c - 12, -2*r - 3*c + 3 = -2*c. Does 4 divide (r/2 - 0)*-76?
False
Suppose 149 - 557 = -2*v. Is 34 a factor of v?
True
Suppose -4*h = -5*h. Suppose -w + 3*l = -5 + 1, -2*l = h. Suppose w*t - 75 = -t. Is 5 a factor of t?
True
Let q = 29 - 63. Let t be (0 - -103 - -1) + -1 + 2. Let b = t + q. Does 16 divide b?
False
Does 17 divide (2856/15)/(3/(-150)*-5)?
True
Let f(n) = -20*n**2 + n - 4. Let h be f(-2). Let j = h + 160. Is j a multiple of 11?
False
Suppose -122 = -4*m + 5*r, 2*m = -0*m - 4*r + 48. Suppose 3*y + m = 4*y. Is 9 a factor of y?
False
Suppose 5*c + 83 = 3. Let m = 65 + c. Is m a multiple of 6?
False
Let h(m) be the second derivative of -m**5/20 - m**4/3 - m**3/3 - 2*m**2 - 2*m. Let j be h(-4). Suppose -2*a - 12 = -j*a. Is a a multiple of 3?
True
Let p(k) = 5*k**2 - 3*k. Let i = -7 + 10. Is p(i) a multiple of 36?
True
Let r = 275 - 165. Suppose 0 = -3*g, -35 = m + 4*g - r. Does 25 divide m?
True
Suppose 7*b = 5*b + 4. Suppose -2*j + b = 14. Does 21 divide (j/(-10))/((-1)/(-35))?
True
Let z(m) be the first derivative of 3*m**2 - 12*m - 26. Is z(10) a multiple of 3?
True
Suppose o - 3*d = -11, 0 = 2*o + 2*o - 4*d + 28. Is (2 + -1)/(-6*o/3600) a multiple of 15?
True
Let x = -175 + 413. Does 34 divide x?
True
Let q = -33 + 27. Is 7 a factor of (-324)/(-8)*q/(-9)?
False
Let l be 1/(-4)*-1 + 115/20. Suppose l*c - 517 = -55. Does 7 divide c?
True
Suppose -3*v = f - 22, -2*f + 0*f - v = -24. Let m be ((-4)/(-3))/(f/15). Suppose -3*r + 2*r + 305 = 5*k, -310 = -5*k - m*r. Is k a multiple of 23?
False
Let m(i) = -7*i - 18. Suppose 5 + 5 = -2*z. Does 2 divide m(z)?
False
Is 33/143 - 74995/(-65) a multiple of 54?
False
Let q(o) = 2*o**2 - 6 + 15 + 17*o + 10. Let m be q(-13). Let a = m - 91. Is 9 a factor of a?
True
Let a be -10*-5*(-2)/5. Let h be (-10)/45 + a/(-9). Let w = h - -14. Is 16 a factor of w?
True
Let o = -45 + 44. Let p(c) = 70*c**2 + 7*c + 6. Is 23 a factor of p(o)?
True
Let i be (-1002)/(-2) + (-6)/(-3) - 3. Suppose 0*x = 5*x - 4*j - i, -4*x - 5*j = -359. Is x a multiple of 32?
True
Let c(x) = 42*x - 67. Is c(4) a multiple of 5?
False
Let q be -3 - (10/45 - (-760)/(-18)). Suppose 40*j - 61 = q*j. Does 21 divide j?
False
Let j = -364 + 766. Does 52 divide j?
False
Let v(g) = g**3 - 7*g**2 - 9*g + 8. Let s = -21 - -29.